en 14 is divided by k?
4
Suppose -3090 = 15*a - 3915. Let w(x) = -x - 5. Let c be w(-8). Let y = c + 11. Calculate the remainder when a is divided by y.
13
Let q(v) = -v - 10. Let z be q(-8). Let n(g) = 43*g + 5. Let s be n(z). What is the remainder when (10/6)/((-3)/s) is divided by 24?
21
Let a = 183 - 152. Calculate the remainder when 104 is divided by a.
11
Suppose -20*y = -61*y + 11480. Calculate the remainder when y is divided by 139.
2
Suppose -7*g + 3*g = -12. Suppose -19 = g*r - 40. Calculate the remainder when 25 is divided by r.
4
Suppose -o - 4*o + 175 = 0. Let w = 39 - o. What is the remainder when 13 is divided by w?
1
Suppose 0 = -4*r + 11 + 25. Let c be ((-12)/r)/((-5)/(-15)). Calculate the remainder when 45 is divided by (-8)/c + 15 + -1.
13
Suppose 0 = -a - 1 + 3. Suppose -6 = 3*w, -3*u + 3 - a = 4*w. Suppose -5*n = -u*g + 17, 3*g + 0*g - 35 = -4*n. What is the remainder when g is divided by 4?
1
Suppose 220 = 9*t + 13. Suppose -i = 7 + 18. Let s = i + 38. What is the remainder when t is divided by s?
10
Let v(p) = -p**3 - 4*p**2 + p + 1. Let z = 4079 + -4047. What is the remainder when z is divided by v(-5)?
11
Let t = 794 + -603. What is the remainder when t is divided by 15?
11
Let j = 231 + -208. What is the remainder when j is divided by 13?
10
Let z(c) = c**3 + 5*c**2 - 2*c + 5. Let x(h) = h + 7. Let v be x(-11). What is the remainder when 55 is divided by z(v)?
26
Let n = -16 + 14. Let m be ((-189)/14)/(1/n). Suppose 0 = -t + 2*t - m. Calculate the remainder when 53 is divided by t.
26
Let r(u) = u**3 + 6*u**2 - 9*u - 1. Let t = -15 + 5. Let o(i) = -i**3 - 10*i**2 - 7. Let q be o(t). What is the remainder when 37 is divided by r(q)?
11
Calculate the remainder when 2/7 + (-150)/(-14) is divided by 496/2728 - (-64)/11.
5
Suppose 3*s = f + 19, 3*s + 4*f - 8*f = 13. Suppose 0 = -3*r - 3, 0 = 5*p + 3*r - 5 - s. Let g(z) = 2*z + 4. What is the remainder when g(4) is divided by p?
0
Suppose 0 = -5*g + b + 151, 16 + 107 = 4*g - 3*b. What is the remainder when g is divided by 13?
4
Let m be (-57)/(-2)*(-12)/(-9). Let c = m + -35. Calculate the remainder when 8 is divided by c.
2
Suppose -10*b = -186 - 164. Let j = 44 + b. What is the remainder when j is divided by 16?
15
Let v = 415 - 276. Let x = -96 + v. Calculate the remainder when x is divided by 22.
21
Let g(b) = b**3 + 12*b**2 + 3*b - 14. Let n be g(-11). Suppose 8*o + u = 3*o + n, -25 = -2*o - 5*u. Calculate the remainder when 23 is divided by o.
8
Let s = -172 - -185. What is the remainder when 324 is divided by s?
12
Suppose 4*g = 16 + 16. Suppose -g*r + 67 + 93 = 0. Calculate the remainder when r is divided by 11.
9
Let p(b) = 8*b - 126. Calculate the remainder when 196 is divided by p(24).
64
Let q = 912 - 327. Suppose q = o + 14*o. What is the remainder when o is divided by (0 - 0 - -20) + 0?
19
Suppose 11*t - 29 = 12*t. Suppose 2*u = -5*n + 111, 2 = 5*n - 3. Let i = t + u. What is the remainder when i is divided by 13?
11
Let y(f) = f**3 - 4*f**2 + 4*f - 2. Let x be y(2). Calculate the remainder when 0 + (x - -6)*(3 + 8) is divided by 8.
4
Let r(l) = -l**2 + 9*l - 1. Let g = -57 - -64. What is the remainder when 48 is divided by r(g)?
9
Suppose -60 = -p - 3*p. What is the remainder when 25 is divided by ((1 - -3) + -3)*p?
10
Let i(p) = -23*p. Let q be i(1). Let a = q - -46. What is the remainder when 44 is divided by a?
21
Let h(y) = y**3 - 16*y**2 - 17*y + 20. What is the remainder when h(17) is divided by 3?
2
Let c be -2*(-1 + 0 + 246/4). Let n = -61 - c. What is the remainder when n is divided by 16?
12
Let v = -29 - -24. Let m be -1*10*v/10. Suppose -4*c + 5*l + 41 = 2*l, c + m*l = 16. Calculate the remainder when 63 is divided by c.
8
Suppose -4*o - 30 - 18 = 0. Let r = 48 + o. Calculate the remainder when r is divided by 10.
6
Let r(j) = -126*j + 3. Calculate the remainder when r(-9) is divided by 76.
73
Suppose 0 = 36*v - 26*v - 2990. Calculate the remainder when v is divided by 38.
33
What is the remainder when 15074/18 + (-168)/378 is divided by 30?
27
Let d = -1941 - -1997. Calculate the remainder when 219 is divided by d.
51
Suppose h - 161 = -4*c, 0 = 6*c - 10*c + h + 167. Calculate the remainder when c is divided by 6.
5
Let b be 6/(-33) - 39/(-33). Let v(k) be the third derivative of 25*k**4/24 + k**3/6 + 25*k**2. What is the remainder when v(b) is divided by 7?
5
Let o = 2 - -2. Suppose o*g - 7*a - 8 = -5*a, 4*a = 16. Let q = 636 - 623. Calculate the remainder when q is divided by g.
1
Suppose -25*k + 20*k = -2*c + 131, -c + 3*k + 68 = 0. What is the remainder when 484 is divided by c?
7
Suppose 0 = -12*z + 36 + 336. What is the remainder when 61 is divided by z?
30
Let j(c) = -2*c**2 + 11*c - 12. What is the remainder when j(3) is divided by -3*(24/9 - 3)?
0
Let a be ((-2)/4)/(3/36). Let w = a + 25. Calculate the remainder when ((-10)/(-6))/((-2)/(-42)) is divided by w.
16
Suppose 0 = 4*q + 5*c - 304, 3*c - c = 8. Calculate the remainder when q is divided by 31.
9
Let i(y) = -7*y**3 + 2*y**2 + y - 23. Let f(m) = -11*m**3 + 3*m**2 + 2*m - 35. Let q(z) = 5*f(z) - 8*i(z). What is the remainder when 24 is divided by q(0)?
6
Let h be -1*((-35)/1 - 2). Let c = 85 - h. Calculate the remainder when c is divided by 17.
14
Let a be (73 + -1)*33/44. Let t = -41 + a. Suppose -4*g - 21 = -117. Calculate the remainder when g is divided by t.
11
Let x = -381 - -430. Calculate the remainder when 194 is divided by x.
47
Suppose -4*t - r = -232, -2*t + 12*r + 118 = 13*r. Calculate the remainder when 288 is divided by t.
3
Calculate the remainder when 15 is divided by 9 + (-36)/3 + 1*11.
7
Suppose 7*h = -1306 + 4239. What is the remainder when h is divided by 61?
53
Let n = 42 - 37. Suppose -2*w - 3*w - 315 = -5*s, -4*s - n*w = -216. What is the remainder when s is divided by 20?
19
Let q = -99 - -213. Let m = q + -62. Calculate the remainder when m is divided by 18.
16
Suppose 4*u + 0*u - 5*x - 185 = 0, -5*x - 105 = -2*u. Calculate the remainder when 87 is divided by u.
7
Suppose 0 = 3*r + 2*b - 140, -49 = -3*r + 3*b + 116. What is the remainder when r is divided by 33?
17
Let k be (2/3)/((-4)/(-30)). Suppose k*l - 330 = -0*l. Let h = l - -67. What is the remainder when h is divided by 34?
31
Suppose 15 = 3*k - 3. Suppose 12*a = 18*a - 174. What is the remainder when a is divided by k?
5
Calculate the remainder when 610 is divided by 164/10 - 150/(-250).
15
Suppose -2857*i = -2861*i + 932. What is the remainder when i is divided by 25?
8
Let s(i) = 18*i - 106. Calculate the remainder when 9 is divided by s(6).
1
What is the remainder when 116/(-522) - (-2360)/9 is divided by 66?
64
Let t(u) = 78*u**2. Suppose -2*y + 3*b + 10 = 0, 2*b + 1 = y - 4. Suppose y*n + 160 = 15*n. What is the remainder when t(-1) is divided by n?
14
Calculate the remainder when 201 is divided by -23*2*48/(-32).
63
Let m be (-10)/(-1)*(-13)/(-26). Suppose -m*f - 295 = 105. Calculate the remainder when 39 is divided by (f/(-24))/(2/6).
9
Let v(j) = j**2 - 2*j - 27. Calculate the remainder when v(12) is divided by 27.
12
Let v = 2878 + -2522. Calculate the remainder when v is divided by 9.
5
Let h(o) = o**3 + 17*o**2 - 20*o - 24. Suppose 7*k - 26 = -152. What is the remainder when 47 is divided by h(k)?
11
Let j(h) be the third derivative of 3*h**4/8 - h**3 - 2*h**2. Calculate the remainder when j(8) is divided by 14.
10
Suppose -5*a - 3*k + 44 = 0, -a = -4*k - 36 + 18. What is the remainder when 2038 is divided by a?
8
Let n(j) = -j**3 + 7*j**2 + 16*j - 2. Calculate the remainder when n(-4) is divided by 16.
14
Suppose -105 = 7*h + 77. Let b = -13 - h. What is the remainder when b is divided by 8?
5
Suppose -3*i + 242 = 4*c, 0 = -3*i - i + c + 348. What is the remainder when i is divided by 18?
14
Let t = 42 - -15. Calculate the remainder when t is divided by 41.
16
Suppose -2*m + 4 = 0, -r = 4*r - m - 3. Let x(f) = -f + 6. Let o be x(3). Suppose -v = -4*v + o. What is the remainder when r is divided by v?
0
Let v be 3/6*(3 - -25). Calculate the remainder when (-402)/(-14) + 4/v is divided by -1 - 0 - (-12 - -3).
5
Let b(k) = 2 + 2*k**2 + 279*k**3 + 3*k**2 - 278*k**3 - 4*k. Calculate the remainder when b(3) is divided by 16.
14
Let p = -15 - -19. Suppose -7 - 41 = -p*t. What is the remain